{"version":"1.0","provider_name":"FREN TUBO | Tubi freno per impianti frenanti | Brake Hoses | Brake Systems ","provider_url":"https:\/\/frentubo.it\/it\/","author_name":"frentubo_user","author_url":"https:\/\/frentubo.it\/it\/author\/frentubo_user\/","title":"CRUTCHLOW OTTAVO NEL GP DI JEREZ - FREN TUBO | Tubi freno per impianti frenanti | Brake Hoses | Brake Systems","type":"rich","width":600,"height":338,"html":"<blockquote class=\"wp-embedded-content\" data-secret=\"8CKQROZ2P1\"><a href=\"https:\/\/frentubo.it\/it\/2019\/05\/crutchlow-ottavo-nel-gp-di-jerez\/\">CRUTCHLOW OTTAVO NEL GP DI JEREZ<\/a><\/blockquote><iframe sandbox=\"allow-scripts\" security=\"restricted\" src=\"https:\/\/frentubo.it\/it\/2019\/05\/crutchlow-ottavo-nel-gp-di-jerez\/embed\/#?secret=8CKQROZ2P1\" width=\"600\" height=\"338\" title=\"&#8220;CRUTCHLOW OTTAVO NEL GP DI JEREZ&#8221; &#8212; FREN TUBO | Tubi freno per impianti frenanti | Brake Hoses | Brake Systems \" data-secret=\"8CKQROZ2P1\" frameborder=\"0\" marginwidth=\"0\" marginheight=\"0\" scrolling=\"no\" class=\"wp-embedded-content\"><\/iframe><script type=\"text\/javascript\">\n\/*! This file is auto-generated *\/\n!function(c,d){\"use strict\";var e=!1,o=!1;if(d.querySelector)if(c.addEventListener)e=!0;if(c.wp=c.wp||{},c.wp.receiveEmbedMessage);else if(c.wp.receiveEmbedMessage=function(e){var t=e.data;if(!t);else if(!(t.secret||t.message||t.value));else if(\/[^a-zA-Z0-9]\/.test(t.secret));else{for(var r,s,a,i=d.querySelectorAll('iframe[data-secret=\"'+t.secret+'\"]'),n=d.querySelectorAll('blockquote[data-secret=\"'+t.secret+'\"]'),o=new RegExp(\"^https?:$\",\"i\"),l=0;l<n.length;l++)n[l].style.display=\"none\";for(l=0;l<i.length;l++)if(r=i[l],e.source!==r.contentWindow);else{if(r.removeAttribute(\"style\"),\"height\"===t.message){if(1e3<(s=parseInt(t.value,10)))s=1e3;else if(~~s<200)s=200;r.height=s}if(\"link\"===t.message)if(s=d.createElement(\"a\"),a=d.createElement(\"a\"),s.href=r.getAttribute(\"src\"),a.href=t.value,!o.test(a.protocol));else if(a.host===s.host)if(d.activeElement===r)c.top.location.href=t.value}}},e)c.addEventListener(\"message\",c.wp.receiveEmbedMessage,!1),d.addEventListener(\"DOMContentLoaded\",t,!1),c.addEventListener(\"load\",t,!1);function t(){if(o);else{o=!0;for(var e,t,r,s=-1!==navigator.appVersion.indexOf(\"MSIE 10\"),a=!!navigator.userAgent.match(\/Trident.*rv:11\\.\/),i=d.querySelectorAll(\"iframe.wp-embedded-content\"),n=0;n<i.length;n++){if(!(r=(t=i[n]).getAttribute(\"data-secret\")))r=Math.random().toString(36).substr(2,10),t.src+=\"#?secret=\"+r,t.setAttribute(\"data-secret\",r);if(s||a)(e=t.cloneNode(!0)).removeAttribute(\"security\"),t.parentNode.replaceChild(e,t);t.contentWindow.postMessage({message:\"ready\",secret:r},\"*\")}}}}(window,document);\n<\/script>\n","thumbnail_url":"https:\/\/frentubo.it\/wp-content\/uploads\/2018\/07\/AX29090-1024x683.jpg","thumbnail_width":1024,"thumbnail_height":683,"description":"COMUNICATO STAMPA: 5 Maggio 2019 | GP di Jerez Partito dalla sesta casella in griglia, il pilota del Team LCR Honda CASTROL Cal Crutchlow ha chiuso il GP di Jerez de la Frontera all\u2019ottavo posto. Il Britannico ha optato per una gomma posteriore media che per\u00f2 non si \u00e8 rivelata la scelta pi\u00f9 azzeccata per &hellip;"}

COMUNICATO STAMPA: 5 Maggio 2019 | GP di Jerez Partito dalla sesta casella in griglia, il pilota del Team LCR Honda CASTROL Cal Crutchlow ha chiuso il GP di Jerez de la Frontera all’ottavo posto. Il Britannico ha optato per una gomma posteriore media che però non si è rivelata la scelta più azzeccata per &hellip;
